5, what is 7 - -632334?
63233b
In base 16, what is 2 + -1f2933?
-1f2931
In base 4, what is 11020012223 - 11?
11020012212
In base 12, what is -5 + -1449776a?
-14497773
In base 12, what is -19a + -598076?
-598254
In base 7, what is 0 + 342640262?
342640262
In base 2, what is -10001001001 - 111000011101?
-1001001100110
In base 15, what is 4c5 - -216b?
2641
In base 9, what is -5 + -75462057?
-75462063
In base 2, what is 1000111110000010101 - -11100100?
1000111110011111001
In base 3, what is -10 - -1212011011201002?
1212011011200222
In base 14, what is 3cd96 - 47b?
3c919
In base 4, what is 332100 + -33122?
232312
In base 5, what is -320042203320 + 2?
-320042203313
In base 2, what is 101000101100101111100100110 + 1000?
101000101100101111100101110
In base 12, what is -148b3 - -70b?
-141a4
In base 10, what is -395167 - -8?
-395159
In base 13, what is -26045c1 + -11?
-2604602
In base 2, what is 1100010001001111001 + 110111?
1100010001010110000
In base 5, what is -22 + -22300004232?
-22300004304
In base 9, what is 34616 - 107488?
-62772
In base 16, what is 4d61c8 - 7?
4d61c1
In base 9, what is -245267556 + 1?
-245267555
In base 5, what is 204 - 4411240130?
-4411234421
In base 10, what is 996526 + -13?
996513
In base 10, what is 3 - -26757917?
26757920
In base 6, what is -3320 + -114230?
-121550
In base 11, what is -3a76710 - -3?
-3a76708
In base 5, what is -11423012 + -114?
-11423131
In base 16, what is -89 + 14614?
1458b
In base 9, what is 4 + -101711888?
-101711884
In base 7, what is 364001 - 231?
363440
In base 5, what is 3203221 - 1221112?
1432104
In base 14, what is -418 + 435a?
3d42
In base 16, what is 27a2e1a - 4?
27a2e16
In base 14, what is -211393 - -41?
-211352
In base 10, what is 1 + 1725227?
1725228
In base 10, what is -703 - 6746?
-7449
In base 5, what is -23031044 - 43?
-23031142
In base 2, what is 111000101000001 + -110000001010?
110010100110111
In base 15, what is 3 - -2be54d?
2be551
In base 6, what is -1205353523 - 4?
-1205353531
In base 4, what is 21 + 210111302221?
210111302302
In base 7, what is 2120 + 130620?
133040
In base 7, what is 4636165 + -313?
4635552
In base 10, what is -6 - -1194549?
1194543
In base 5, what is -102311 + 11012130?
10404314
In base 13, what is -33a4 + 7c0?
-28b4
In base 2, what is 1111110000100101011 - 101110000?
1111101111110111011
In base 12, what is 3798ab9 + 20?
3798b19
In base 15, what is -640 + 322c?
2adc
In base 8, what is 542 - -46125?
46667
In base 3, what is 2012220110110001 + -101?
2012220110102200
In base 5, what is -2242 - -122433?
120141
In base 14, what is 68 - -4d3b?
4da5
In base 11, what is -138794978 - 0?
-138794978
In base 5, what is 303121430400 - 3?
303121430342
In base 11, what is 98a0 - 4790?
5110
In base 6, what is -10051 + 2112321?
2102230
In base 11, what is 6 - 63805318?
-63805312
In base 6, what is 442004 + 20240?
502244
In base 14, what is 12 - 11376?
-11364
In base 12, what is 51 + 383310?
383361
In base 15, what is 1 - ac81a7?
-ac81a6
In base 14, what is -61d + -d67a?
-dc99
In base 3, what is 100102 + 221221112?
222021221
In base 11, what is 615 - -72a91?
735a6
In base 13, what is b36a6 - 0?
b36a6
In base 6, what is 420142542 + -15?
420142523
In base 3, what is -12202021 + -1010120111?
-1100022202
In base 7, what is -204526 - -13265?
-161231
In base 10, what is 855872 + 2?
855874
In base 14, what is -100b1 + 19c?
-dd13
In base 9, what is -214843342 + 0?
-214843342
In base 3, what is -1222 - 2110212000112?
-2110212002111
In base 4, what is 11332133 - -33?
11332232
In base 6, what is 4041115211 - -2?
4041115213
In base 4, what is 1001312300003 - -2?
1001312300011
In base 9, what is -1 + -1686634?
-1686635
In base 11, what is -3520 - -2aa3?
-528
In base 4, what is -3133332002 + 20?
-3133331322
In base 8, what is -2 - 644640333?
-644640335
In base 15, what is -30e - 2c9bb?
-2ccca
In base 16, what is 1bc9 - c2e?
f9b
In base 6, what is -333413124241 + -4?
-333413124245
In base 7, what is 1350435305 - -5?
1350435313
In base 12, what is -20 - 173b203?
-173b223
In base 4, what is 132033 + 113201100?
113333133
In base 4, what is -102323 - 1133220?
-1302203
In base 12, what is 1 - 9508290?
-950828b
In base 3, what is -10011 - -2202021000000?
2202020212212
In base 2, what is -10011110110010000 - 110010?
-10011110111000010
In base 3, what is 1202022 + 111101110?
120010202
In base 6, what is 5021044544 - 2?
5021044542
In base 2, what is 10001 + -1111110011011101100000?
-1111110011011101001111
In base 4, what is 22013113 - -20212?
22033331
In base 8, what is 271707711 + 14?
271707725
In base 10, what is 1961 + -281507?
-279546
In base 13, what is 5 + 10137991?
10137996
In base 14, what is -1389 - 622?
-19ab
In base 6, what is -2414 + -53315?
-100133
In base 16, what is 1b4 + 169?
31d
In base 9, what is -212523072 - -4?
-212523067
In base 6, what is 215 - -52401335?
52401554
In base 15, what is 5abaa5 + -d?
5aba97
In base 13, what is -12974 + -117?
-12a8b
In base 13, what is 35b1637 + 3?
35b163a
In base 8, what is 16 + 643377?
643415
In base 15, what is -4d15 + 36a?
-499a
In base 4, what is 211302 - -320200?
1132102
In base 14, what is -4 + 3d9177d?
3d91779
In base 14, what is -d45910 - 2d?
-d4593d
In base 15, what is 353587 - -1?
353588
In base 3, what is -100110211221 - 22000?
-100111010221
In base 16, what is 4 - 28b7273?
-28b726f
In base 9, what is 4 + 1168687?
1168702
In base 11, what is -18436143 + 2?
-18436141
In base 12, what is -5 - 270ab0b?
-270ab14
In base 12, what is 303 - -2a606?
2a909
In base 14, what is -9d + -122b9b?
-122c5a
In base 12, what is -20318 + 3328?
-18bb0
In base 13, what is 17970ca + 5?
1797102
In base 16, what is -105375d8 - -3?
-105375d5
In base 6, what is 15 - 2004212240?
-2004212221
In base 4, what is -11 + -1220110030?
-1220110101
In base 6, what is 1402 + -120350?
-114544
In base 10, what is -28566545 + 2?
-28566543
In base 14, what is -1b9307 + -1b?
-1b9324
In base 2, what is -100000 + 101100011010111010000?
101100011010110110000
In base 8, what is 42614 - -7160?
51774
In base 6, what is -443 + 510535?
510052
In base 5, what is -224142202 + 100?
-224142102
In base 4, what is 103 + -11110033120?
-11110033011
In base 5, what is -10023043 + -302123?
-10330221
In base 2, what is 10100 + 11011100101011101010?
11011100101011111110
In base 4, what is -12322110 + -1331332?
-20320102
In base 15, what is cb7e5 - -3?
cb7e8
In base 15, what is -d8c63 - -9?
-d8c59
In base 4, what is -203231212131 + 1?
-203231212130
In base 5, what is 100011 - -4001?
104012
In base 6, what is -122141 - 1500?
-124041
In base 4, what is -13130132000 + 12?
-13130131322
In base 2, what is 11 + -110101000011000001001?
-110101000011000000110
In base 14, what is d6 - 39167?
-39071
In base 6, what is 22353 - 13212?
5141
In base 2, what is -1 + -1000100110101100111?
-1000100110101101000
In base 8, what is 3 + 10400105?
10400110
In base 13, what is 3 - -1ab44ca?
1ab4500
In base 4, what is -123232 + 1033?
-122133
In base 13, what is -20567b + 8?
-205673
In base 15, what is 128 - 53d33?
-53c0a
In base 16, what is -106 - 282c26?
-282d2c
In base 9, what is -2266524 + 11?
-2266513
In base 5, what is 3032 + -1101323331?
-1101320244
In base 7, what is 2026 - -5105?
10134
In base 12, what is 8a + 125b5?
12683
In base 7, what is -5305164225 + -2?
-5305164230
In base 12, what is -233 - 18887?
-18aba
In base 3, what is -222121100201 - -120110?
-222120210021
In base 6, what is 4 + 3123205314?
3123205322
In base 9, what is 213 - -317237?
317451
In base 10, what is 6757236 - 1?
6757235
In base 11, what is -14529 + -747?
-15175
In base 5, what is 423243312 - -142?
423244004
In base 4, what is -1010 - 112301000311?
-112301001321
In base 5, what is 12220112 + 13301?
12233413
In base 11, what is 1 - -50655a0?
50655a1
In base 11, what is 12516 + 6071?
18587
In base 16, what is 3 - -1b37dd9?
1b37ddc
In base 5, what is -1 - -1002230024?
1002230023
In base 5, what is 2210200023 + 4?
2210200032
In base 7, what is -3224 + 1265226?
1262002
In base 6, what is 1313 - -42022?
43335
In base 13, what is -8070411 + a?
-8070404
In base 2, what is -10001011001011001100 + 110100?
-10001011001010011000
In base 7, what is 3 - 1033231002?
-1033230666
In base 9, what is 470521 + -5?
470515
In base 12, what is -231767 + -68?
-231813
